
Is 4721363 prime?
False
Is 16787059 composite?
False
Is 246234299 prime?
True
Is 4465009 a prime number?
True
Is 3400003 a prime number?
False
Is 39104647 a prime number?
True
Is 8164399 a composite number?
True
Is 682889 a composite number?
True
Is 37831967 a composite number?
True
Is 58863697 a prime number?
True
Is 7394749 prime?
False
Is 11990303 a prime number?
False
Is 2714873 a prime number?
False
Is 427289911 prime?
False
Is 14484371 a prime number?
False
Is 32226197 a composite number?
True
Is 11690953 prime?
False
Is 1186453 composite?
True
Is 678943151 prime?
True
Is 83077037 a prime number?
False
Is 10430747 composite?
False
Is 99005609 a composite number?
False
Is 16058335 prime?
False
Is 918539 prime?
True
Is 234782911 composite?
True
Is 1846441 a prime number?
True
Is 28832057 a composite number?
True
Is 15072287 composite?
False
Is 17845459 prime?
True
Is 36066133 composite?
True
Is 2490563 prime?
False
Is 315896809 prime?
False
Is 281080351 a composite number?
True
Is 2310421 a prime number?
True
Is 20857009 a composite number?
True
Is 21949283 composite?
True
Is 35779523 prime?
False
Is 83713709 prime?
True
Is 37337155 a prime number?
False
Is 2337271 prime?
True
Is 485690239 a composite number?
True
Is 8693059 a composite number?
True
Is 577943 prime?
False
Is 485768653 a composite number?
True
Is 284178773 a composite number?
True
Is 418571 prime?
False
Is 2557285 a prime number?
False
Is 940399 prime?
True
Is 588703 a composite number?
False
Is 8562767 a prime number?
True
Is 14899207 a composite number?
False
Is 8276791 prime?
False
Is 1807213 a composite number?
False
Is 111038667 a composite number?
True
Is 3887731 composite?
False
Is 1684561 composite?
False
Is 10126711 a composite number?
True
Is 112882493 composite?
True
Is 106240889 composite?
False
Is 79426241 a composite number?
False
Is 2322751 prime?
False
Is 31157797 a prime number?
False
Is 36289 a composite number?
True
Is 7419889 a prime number?
True
Is 2928727 a composite number?
True
Is 405401239 a composite number?
True
Is 7367999 a composite number?
False
Is 1165103 prime?
True
Is 35069593 a composite number?
True
Is 208581263 composite?
True
Is 1572271 composite?
False
Is 1586971 a composite number?
False
Is 11091253 a composite number?
True
Is 944453 a composite number?
False
Is 1128767 a prime number?
False
Is 639000185 prime?
False
Is 1316591 composite?
False
Is 1517161 a composite number?
False
Is 13116245 prime?
False
Is 1936721 a composite number?
False
Is 2096183 composite?
False
Is 29534443 a prime number?
True
Is 5930371 a prime number?
False
Is 69068069 composite?
True
Is 141179 composite?
False
Is 86986039 a prime number?
False
Is 588067265 a prime number?
False
Is 2904529 composite?
False
Is 14559473 composite?
True
Is 12074411 a prime number?
False
Is 691213 a composite number?
True
Is 18026741 a composite number?
False
Is 10190443 a composite number?
False
Is 5959717 composite?
True
Is 137473487 a composite number?
False
Is 108792833 a composite number?
True
Is 16117033 a prime number?
True
Is 2229767 a prime number?
True
Is 25062001 a composite number?
True
Is 62763559 prime?
False
Is 11329919 a composite number?
False
Is 4291787 a composite number?
True
Is 4189723 prime?
True
Is 4250629 prime?
False
Is 9442439 prime?
True
Is 2575363 a composite number?
True
Is 2736689 composite?
False
Is 184655563 composite?
False
Is 19437595 composite?
True
Is 57118601 a prime number?
False
Is 1977455 prime?
False
Is 3618922 prime?
False
Is 7009661 prime?
False
Is 46451066 a prime number?
False
Is 23259577 composite?
True
Is 507643 a prime number?
False
Is 54149009 a composite number?
False
Is 238390939 a composite number?
False
Is 9044099 a prime number?
True
Is 229159033 a composite number?
False
Is 7614911 prime?
True
Is 13098881 a prime number?
True
Is 327711803 composite?
True
Is 200214997 a prime number?
True
Is 15099709 prime?
False
Is 47060763 composite?
True
Is 215839345 composite?
True
Is 11437757 a prime number?
True
Is 2356339 a composite number?
False
Is 15847823 a prime number?
True
Is 17335783 a prime number?
False
Is 222874849 composite?
True
Is 35068106 composite?
True
Is 18598441 a prime number?
False
Is 51307793 prime?
True
Is 4412893 composite?
False
Is 2315461 a composite number?
False
Is 201731 a composite number?
False
Is 4578569 a composite number?
False
Is 29380317 a prime number?
False
Is 25257229 prime?
False
Is 23362971 a prime number?
False
Is 598379 a prime number?
True
Is 2432279 a composite number?
False
Is 5620057 prime?
False
Is 4042721 prime?
True
Is 63500503 a composite number?
True
Is 1579099 prime?
True
Is 6751483 a prime number?
False
Is 1266911 prime?
False
Is 1240531 a prime number?
False
Is 58318247 a prime number?
False
Is 98585 composite?
True
Is 39209617 a prime number?
True
Is 32798081 a prime number?
True
Is 357040877 composite?
True
Is 514711 a composite number?
False
Is 37697201 a composite number?
False
Is 2420755 a composite number?
True
Is 5206121 a composite number?
False
Is 131012521 a prime number?
True
Is 51228319 composite?
True
Is 66647669 prime?
False
Is 205874129 a composite number?
False
Is 2879939 composite?
True
Is 21776969 prime?
True
Is 44251729 a composite number?
True
Is 18673097 composite?
False
Is 295628339 prime?
False
Is 3446453 a composite number?
False
Is 970049 a prime number?
False
Is 164503 a prime number?
True
Is 6086611 a composite number?
True
Is 1074550283 prime?
True
Is 2611597 a composite number?
False
Is 75265051 a prime number?
True
Is 10746851 a composite number?
False
Is 3529523 prime?
False
Is 36809389 a prime number?
True
Is 3041279 composite?
False
Is 30586891 composite?
False
Is 925439 prime?
False
Is 9403093 a composite number?
True
Is 590593 a prime number?
True
Is 359392949 a prime number?
False
Is 8936009 a prime number?
True
Is 322615547 prime?
True
Is 1566497 composite?
True
Is 18107443 composite?
False
Is 13317277 a composite number?
False
Is 115316939 prime?
True
Is 2052439 composite?
False
Is 55901189 a composite number?
True
Is 460763657 prime?
True
Is 70126193 composite?
True
Is 3124393 a composite number?
False
Is 73401683 composite?
False
Is 22218139 a prime number?
False
Is 19058587 a composite number?
False
Is 469657571 prime?
True
Is 2561017 a prime number?
True
Is 254557 a prime number?
True
Is 1470089 a prime number?
False
Is 2352439 a composite number?
True
Is 6717967 a prime number?
False
Is 53839259 composite?
False
Is 2365829 a composite number?
False
Is 186049249 prime?
False
Is 345569647 prime?
True
Is 38881991 a composite number?
False
Is 2630531 composite?
True
Is 5683759 composite?
True
Is 14655679 a composite number?
False
Is 10413899 a composite number?
False
Is 591023 prime?
True
Is 5602177 prime?
False
Is 164320239 prime?
False
Is 154256386 composite?
True
Is 3577861 composite?
True
Is 79429979 a prime number?
False
Is 8692571 prime?
True
Is 18630991 composite?
True
Is 36756101 composite?
False
Is 7128101 composite?
False
Is 105825679 a composite number?
True
Is 73497 prime?
False
Is 3642559 prime?
True
Is 222281203 prime?
False
Is 62428019 a prime number?
False
Is 91008977 composite?
False
Is 4670317 a composite number?
False
Is 6365374 prime?
False
Is 1656281 prime?
False
Is 15047399 a prime number?
True
Is 3398461 a composite number?
True
Is 7932553 a prime number?
True
Is 322208851 a composite number?
False
Is 219610103 a composite number?
True
Is 985909 a prime number?
False
Is 13440529 a composite number?
False
Is 34086691 prime?
False
Is 3105871 a prime number?
False
Is 59868663 a composite number?
True
Is 3107077 prime?
True
Is 76365551 a prime number?
True
Is 15953813 a prime number?
False
Is 186436853 a composite number?
True
Is 57552977 composite?
False
Is 7613405 prime?
False
Is 30613001 a composite number?
False
Is 310415611 composite?
True
Is 23658211 a prime number?
False
Is 37773803 a prime number?
True
Is 66542779 composite?
False
Is 53866541 a prime number?
True
Is 1349581 a prime number?
False
Is 5544419 a prime number?
False
Is 6600823 composite?
False
Is 72859 a composite number?
False
Is 1460089 composite?
False
Is 621455101 a prime number?
False
Is 57865903 a composite number?
False
Is 325819801 composite?